{"id":463,"date":"2016-02-15T13:00:49","date_gmt":"2016-02-15T12:00:49","guid":{"rendered":"http:\/\/beta.mands.pl\/?page_id=463"},"modified":"2017-05-29T10:38:01","modified_gmt":"2017-05-29T08:38:01","slug":"teleankieter-studia-cati-wroclaw","status":"publish","type":"page","link":"https:\/\/mands.pl\/index.php\/teleankieter-studia-cati-wroclaw\/","title":{"rendered":"Teleankieter studia CATI Wroc\u0142aw"},"content":{"rendered":"<p><b><strong>Poszukujemy dyspozycyjnych, komunikatywnych, kreatywnych os\u00f3b na stanowisko TELEANKIETERA\u00a0 studia CATI Wroc\u0142aw. Praca polega na przeprowadzaniu wywiad\u00f3w telefonicznych ze wspomaganiem komputera. Badania dotycz\u0105 zar\u00f3wno temat\u00f3w spo\u0142ecznych jak i analizy rynku.<\/strong><\/b><\/p>\n<p>Wymagamy: Dyspozycyjno\u015bci, sumienno\u015bci, refleksu. Podstawowej umiej\u0119tno\u015bci obs\u0142ugi komputera.<\/p>\n<p>Oferujemy: Prac\u0119 od zaraz we Wroc\u0142awiu.<\/p>\n<p>Zg\u0142oszenia: <a href=\"mailto:teleankieter.rekrutacja@mands.pl\">teleankieter.rekrutacja@mands.pl <\/a><\/p>\n","protected":false},"excerpt":{"rendered":"<p>Poszukujemy dyspozycyjnych, komunikatywnych, kreatywnych os\u00f3b na stanowisko TELEANKIETERA\u00a0 studia CATI Wroc\u0142aw. Praca polega na przeprowadzaniu wywiad\u00f3w telefonicznych ze wspomaganiem komputera. Badania dotycz\u0105 zar\u00f3wno temat\u00f3w spo\u0142ecznych jak i analizy rynku. Wymagamy: Dyspozycyjno\u015bci, sumienno\u015bci, refleksu. Podstawowej umiej\u0119tno\u015bci obs\u0142ugi komputera. Oferujemy: Prac\u0119 od zaraz we Wroc\u0142awiu. Zg\u0142oszenia: teleankieter.rekrutacja@mands.pl<\/p>\n","protected":false},"author":5,"featured_media":0,"parent":0,"menu_order":0,"comment_status":"closed","ping_status":"closed","template":"","meta":{"_mi_skip_tracking":false},"_links":{"self":[{"href":"https:\/\/mands.pl\/index.php\/wp-json\/wp\/v2\/pages\/463"}],"collection":[{"href":"https:\/\/mands.pl\/index.php\/wp-json\/wp\/v2\/pages"}],"about":[{"href":"https:\/\/mands.pl\/index.php\/wp-json\/wp\/v2\/types\/page"}],"author":[{"embeddable":true,"href":"https:\/\/mands.pl\/index.php\/wp-json\/wp\/v2\/users\/5"}],"replies":[{"embeddable":true,"href":"https:\/\/mands.pl\/index.php\/wp-json\/wp\/v2\/comments?post=463"}],"version-history":[{"count":3,"href":"https:\/\/mands.pl\/index.php\/wp-json\/wp\/v2\/pages\/463\/revisions"}],"predecessor-version":[{"id":832,"href":"https:\/\/mands.pl\/index.php\/wp-json\/wp\/v2\/pages\/463\/revisions\/832"}],"wp:attachment":[{"href":"https:\/\/mands.pl\/index.php\/wp-json\/wp\/v2\/media?parent=463"}],"curies":[{"name":"wp","href":"https:\/\/api.w.org\/{rel}","templated":true}]}}